{"id":263,"date":"2026-04-07T17:49:52","date_gmt":"2026-04-07T14:49:52","guid":{"rendered":"https:\/\/www.anacak.com\/?post_type=product&#038;p=263"},"modified":"2026-04-07T17:49:53","modified_gmt":"2026-04-07T14:49:53","slug":"sonsuz-stres-kupu","status":"publish","type":"product","link":"https:\/\/www.anacak.com\/?product=sonsuz-stres-kupu","title":{"rendered":"Sonsuz Stres K\u00fcp\u00fc"},"content":{"rendered":"<p data-path-to-node=\"15\"><b data-path-to-node=\"15\" data-index-in-node=\"0\">Sonsuz Hareket, Maksimum Odaklanma<\/b><\/p>\n<p data-path-to-node=\"15\">AnacakLab olarak, stresi da\u011f\u0131tman\u0131n en e\u011flenceli ve mekanik yolunu sunuyoruz. Sonsuz Stres K\u00fcp\u00fc, basit g\u00f6r\u00fcn\u00fcm\u00fcn\u00fcn alt\u0131nda karma\u015f\u0131k ve huzur verici bir m\u00fchendislik bar\u0131nd\u0131r\u0131yor.<\/p>\n<ul data-path-to-node=\"16\">\n<li>\n<p data-path-to-node=\"16,0,0\"><b data-path-to-node=\"16,0,0\" data-index-in-node=\"0\">Duyusal Rahatlama:<\/b> K\u00fcp\u00fc her katlad\u0131\u011f\u0131n\u0131zda hissetti\u011finiz o p\u00fcr\u00fczs\u00fcz ge\u00e7i\u015f, kayg\u0131 seviyenizi d\u00fc\u015f\u00fcrmeye yard\u0131mc\u0131 olur.<\/p>\n<\/li>\n<li>\n<p data-path-to-node=\"16,1,0\"><b data-path-to-node=\"16,1,0\" data-index-in-node=\"0\">Y\u00fcksek Kalite \u00dcretim:<\/b> 3D bask\u0131 teknolojisinin en dayan\u0131kl\u0131 formunu kullanarak, segmentleri birbirinden ayr\u0131lmayan sa\u011flam bir yap\u0131 sunuyoruz.<\/p>\n<\/li>\n<li>\n<p data-path-to-node=\"16,2,0\"><b data-path-to-node=\"16,2,0\" data-index-in-node=\"0\">Modern ve \u015e\u0131k:<\/b> Masan\u0131zda \u015f\u0131k bir aksesuar olarak dururken, ihtiya\u00e7 duydu\u011funuz her an en iyi stres savar\u0131n\u0131z olur.<\/p>\n<\/li>\n<li>\n<p data-path-to-node=\"16,3,0\"><b data-path-to-node=\"16,3,0\" data-index-in-node=\"0\">Ki\u015fiselle\u015ftirilebilir Renkler:<\/b> Tarz\u0131n\u0131za uygun renk se\u00e7enekleriyle kendi favori k\u00fcp\u00fcn\u00fcz\u00fc olu\u015fturun.<\/p>\n<\/li>\n<\/ul>\n","protected":false},"excerpt":{"rendered":"<p><b data-path-to-node=\"13\" data-index-in-node=\"0\">Zihninizi \u00d6zg\u00fcr B\u0131rak\u0131n: Sonsuz Stres K\u00fcp\u00fc<\/b><\/p>\n<p>Her y\u00f6ne katlanabilen, avu\u00e7 i\u00e7i boyutunda bir stres savar! AnacakLab \u00fcretimi bu \u00f6zel k\u00fcp, ellerinizi me\u015fgul tutarken odaklanma becerinizi zirveye ta\u015f\u0131r. S\u0131n\u0131rs\u0131z d\u00f6ng\u00fcn\u00fcn rahatlat\u0131c\u0131 etkisini hemen deneyimleyin.<\/p>\n","protected":false},"featured_media":272,"comment_status":"closed","ping_status":"closed","template":"","meta":{"site-sidebar-layout":"default","site-content-layout":"","ast-site-content-layout":"default","site-content-style":"default","site-sidebar-style":"default","ast-global-header-display":"","ast-banner-title-visibility":"","ast-main-header-display":"","ast-hfb-above-header-display":"","ast-hfb-below-header-display":"","ast-hfb-mobile-header-display":"","site-post-title":"","ast-breadcrumbs-content":"","ast-featured-img":"","footer-sml-layout":"","ast-disable-related-posts":"","theme-transparent-header-meta":"default","adv-header-id-meta":"","stick-header-meta":"","header-above-stick-meta":"","header-main-stick-meta":"","header-below-stick-meta":"","astra-migrate-meta-layouts":"set","ast-page-background-enabled":"default","ast-page-background-meta":{"desktop":{"background-color":"var(--ast-global-color-5)","background-image":"","background-repeat":"repeat","background-position":"center center","background-size":"auto","background-attachment":"scroll","background-type":"","background-media":"","overlay-type":"","overlay-color":"","overlay-opacity":"","overlay-gradient":""},"tablet":{"background-color":"","background-image":"","background-repeat":"repeat","background-position":"center center","background-size":"auto","background-attachment":"scroll","background-type":"","background-media":"","overlay-type":"","overlay-color":"","overlay-opacity":"","overlay-gradient":""},"mobile":{"background-color":"","background-image":"","background-repeat":"repeat","background-position":"center center","background-size":"auto","background-attachment":"scroll","background-type":"","background-media":"","overlay-type":"","overlay-color":"","overlay-opacity":"","overlay-gradient":""}},"ast-content-background-meta":{"desktop":{"background-color":"var(--ast-global-color-4)","background-image":"","background-repeat":"repeat","background-position":"center center","background-size":"auto","background-attachment":"scroll","background-type":"","background-media":"","overlay-type":"","overlay-color":"","overlay-opacity":"","overlay-gradient":""},"tablet":{"background-color":"var(--ast-global-color-4)","background-image":"","background-repeat":"repeat","background-position":"center center","background-size":"auto","background-attachment":"scroll","background-type":"","background-media":"","overlay-type":"","overlay-color":"","overlay-opacity":"","overlay-gradient":""},"mobile":{"background-color":"var(--ast-global-color-4)","background-image":"","background-repeat":"repeat","background-position":"center center","background-size":"auto","background-attachment":"scroll","background-type":"","background-media":"","overlay-type":"","overlay-color":"","overlay-opacity":"","overlay-gradient":""}}},"product_brand":[],"product_cat":[18],"product_tag":[39],"class_list":{"0":"post-263","1":"product","2":"type-product","3":"status-publish","4":"has-post-thumbnail","6":"product_cat-oyunbaz-modeller","7":"product_tag-stres-kupu","8":"desktop-align-left","9":"tablet-align-left","10":"mobile-align-left","12":"first","13":"instock","14":"purchasable","15":"product-type-variable"},"yoast_head":"<!-- This site is optimized with the Yoast SEO plugin v27.3 - https:\/\/yoast.com\/product\/yoast-seo-wordpress\/ -->\n<title>Sonsuz Stres K\u00fcp\u00fc -<\/title>\n<meta name=\"description\" content=\"Odaklanman\u0131z\u0131 art\u0131r\u0131n ve stresi saniyeler i\u00e7inde yok edin! AnacakLab \u00fcretimi her y\u00f6ne katlanan Sonsuz Stres K\u00fcp\u00fc ile tan\u0131\u015f\u0131n. Bu \u00f6zel tasar\u0131m\u0131 hemen ke\u015ffedin.\" \/>\n<meta name=\"robots\" content=\"index, follow, max-snippet:-1, max-image-preview:large, max-video-preview:-1\" \/>\n<link rel=\"canonical\" href=\"https:\/\/www.anacak.com\/?product=sonsuz-stres-kupu\" \/>\n<meta property=\"og:locale\" content=\"tr_TR\" \/>\n<meta property=\"og:type\" content=\"article\" \/>\n<meta property=\"og:title\" content=\"Sonsuz Stres K\u00fcp\u00fc -\" \/>\n<meta property=\"og:description\" content=\"Odaklanman\u0131z\u0131 art\u0131r\u0131n ve stresi saniyeler i\u00e7inde yok edin! AnacakLab \u00fcretimi her y\u00f6ne katlanan Sonsuz Stres K\u00fcp\u00fc ile tan\u0131\u015f\u0131n. Bu \u00f6zel tasar\u0131m\u0131 hemen ke\u015ffedin.\" \/>\n<meta property=\"og:url\" content=\"https:\/\/www.anacak.com\/?product=sonsuz-stres-kupu\" \/>\n<meta property=\"article:modified_time\" content=\"2026-04-07T14:49:53+00:00\" \/>\n<meta property=\"og:image\" content=\"https:\/\/www.anacak.com\/wp-content\/uploads\/2026\/04\/01-1.jpeg\" \/>\n\t<meta property=\"og:image:width\" content=\"1200\" \/>\n\t<meta property=\"og:image:height\" content=\"1600\" \/>\n\t<meta property=\"og:image:type\" content=\"image\/jpeg\" \/>\n<meta name=\"twitter:card\" content=\"summary_large_image\" \/>\n<meta name=\"twitter:label1\" content=\"Tahmini okuma s\u00fcresi\" \/>\n\t<meta name=\"twitter:data1\" content=\"1 dakika\" \/>\n<script type=\"application\/ld+json\" class=\"yoast-schema-graph\">{\"@context\":\"https:\\\/\\\/schema.org\",\"@graph\":[{\"@type\":\"WebPage\",\"@id\":\"https:\\\/\\\/www.anacak.com\\\/?product=sonsuz-stres-kupu\",\"url\":\"https:\\\/\\\/www.anacak.com\\\/?product=sonsuz-stres-kupu\",\"name\":\"Sonsuz Stres K\u00fcp\u00fc -\",\"isPartOf\":{\"@id\":\"https:\\\/\\\/www.anacak.com\\\/#website\"},\"primaryImageOfPage\":{\"@id\":\"https:\\\/\\\/www.anacak.com\\\/?product=sonsuz-stres-kupu#primaryimage\"},\"image\":{\"@id\":\"https:\\\/\\\/www.anacak.com\\\/?product=sonsuz-stres-kupu#primaryimage\"},\"thumbnailUrl\":\"https:\\\/\\\/www.anacak.com\\\/wp-content\\\/uploads\\\/2026\\\/04\\\/01-1.jpeg\",\"datePublished\":\"2026-04-07T14:49:52+00:00\",\"dateModified\":\"2026-04-07T14:49:53+00:00\",\"description\":\"Odaklanman\u0131z\u0131 art\u0131r\u0131n ve stresi saniyeler i\u00e7inde yok edin! AnacakLab \u00fcretimi her y\u00f6ne katlanan Sonsuz Stres K\u00fcp\u00fc ile tan\u0131\u015f\u0131n. Bu \u00f6zel tasar\u0131m\u0131 hemen ke\u015ffedin.\",\"breadcrumb\":{\"@id\":\"https:\\\/\\\/www.anacak.com\\\/?product=sonsuz-stres-kupu#breadcrumb\"},\"inLanguage\":\"tr\",\"potentialAction\":[{\"@type\":\"ReadAction\",\"target\":[\"https:\\\/\\\/www.anacak.com\\\/?product=sonsuz-stres-kupu\"]}]},{\"@type\":\"ImageObject\",\"inLanguage\":\"tr\",\"@id\":\"https:\\\/\\\/www.anacak.com\\\/?product=sonsuz-stres-kupu#primaryimage\",\"url\":\"https:\\\/\\\/www.anacak.com\\\/wp-content\\\/uploads\\\/2026\\\/04\\\/01-1.jpeg\",\"contentUrl\":\"https:\\\/\\\/www.anacak.com\\\/wp-content\\\/uploads\\\/2026\\\/04\\\/01-1.jpeg\",\"width\":1200,\"height\":1600},{\"@type\":\"BreadcrumbList\",\"@id\":\"https:\\\/\\\/www.anacak.com\\\/?product=sonsuz-stres-kupu#breadcrumb\",\"itemListElement\":[{\"@type\":\"ListItem\",\"position\":1,\"name\":\"Anasayfa\",\"item\":\"https:\\\/\\\/www.anacak.com\\\/\"},{\"@type\":\"ListItem\",\"position\":2,\"name\":\"Ma\u011faza\",\"item\":\"https:\\\/\\\/www.anacak.com\\\/?page_id=39\"},{\"@type\":\"ListItem\",\"position\":3,\"name\":\"Sonsuz Stres K\u00fcp\u00fc\"}]},{\"@type\":\"WebSite\",\"@id\":\"https:\\\/\\\/www.anacak.com\\\/#website\",\"url\":\"https:\\\/\\\/www.anacak.com\\\/\",\"name\":\"AnacakLab\",\"description\":\"\",\"publisher\":{\"@id\":\"https:\\\/\\\/www.anacak.com\\\/#organization\"},\"potentialAction\":[{\"@type\":\"SearchAction\",\"target\":{\"@type\":\"EntryPoint\",\"urlTemplate\":\"https:\\\/\\\/www.anacak.com\\\/?s={search_term_string}\"},\"query-input\":{\"@type\":\"PropertyValueSpecification\",\"valueRequired\":true,\"valueName\":\"search_term_string\"}}],\"inLanguage\":\"tr\"},{\"@type\":\"Organization\",\"@id\":\"https:\\\/\\\/www.anacak.com\\\/#organization\",\"name\":\"AnacakLab\",\"url\":\"https:\\\/\\\/www.anacak.com\\\/\",\"logo\":{\"@type\":\"ImageObject\",\"inLanguage\":\"tr\",\"@id\":\"https:\\\/\\\/www.anacak.com\\\/#\\\/schema\\\/logo\\\/image\\\/\",\"url\":\"https:\\\/\\\/www.anacak.com\\\/wp-content\\\/uploads\\\/2026\\\/02\\\/site_logo-scaled.png\",\"contentUrl\":\"https:\\\/\\\/www.anacak.com\\\/wp-content\\\/uploads\\\/2026\\\/02\\\/site_logo-scaled.png\",\"width\":2560,\"height\":838,\"caption\":\"AnacakLab\"},\"image\":{\"@id\":\"https:\\\/\\\/www.anacak.com\\\/#\\\/schema\\\/logo\\\/image\\\/\"},\"sameAs\":[\"https:\\\/\\\/instagram.com\\\/anacaklab\\\/\"]}]}<\/script>\n<!-- \/ Yoast SEO plugin. -->","yoast_head_json":{"title":"Sonsuz Stres K\u00fcp\u00fc -","description":"Odaklanman\u0131z\u0131 art\u0131r\u0131n ve stresi saniyeler i\u00e7inde yok edin! AnacakLab \u00fcretimi her y\u00f6ne katlanan Sonsuz Stres K\u00fcp\u00fc ile tan\u0131\u015f\u0131n. Bu \u00f6zel tasar\u0131m\u0131 hemen ke\u015ffedin.","robots":{"index":"index","follow":"follow","max-snippet":"max-snippet:-1","max-image-preview":"max-image-preview:large","max-video-preview":"max-video-preview:-1"},"canonical":"https:\/\/www.anacak.com\/?product=sonsuz-stres-kupu","og_locale":"tr_TR","og_type":"article","og_title":"Sonsuz Stres K\u00fcp\u00fc -","og_description":"Odaklanman\u0131z\u0131 art\u0131r\u0131n ve stresi saniyeler i\u00e7inde yok edin! AnacakLab \u00fcretimi her y\u00f6ne katlanan Sonsuz Stres K\u00fcp\u00fc ile tan\u0131\u015f\u0131n. Bu \u00f6zel tasar\u0131m\u0131 hemen ke\u015ffedin.","og_url":"https:\/\/www.anacak.com\/?product=sonsuz-stres-kupu","article_modified_time":"2026-04-07T14:49:53+00:00","og_image":[{"width":1200,"height":1600,"url":"https:\/\/www.anacak.com\/wp-content\/uploads\/2026\/04\/01-1.jpeg","type":"image\/jpeg"}],"twitter_card":"summary_large_image","twitter_misc":{"Tahmini okuma s\u00fcresi":"1 dakika"},"schema":{"@context":"https:\/\/schema.org","@graph":[{"@type":"WebPage","@id":"https:\/\/www.anacak.com\/?product=sonsuz-stres-kupu","url":"https:\/\/www.anacak.com\/?product=sonsuz-stres-kupu","name":"Sonsuz Stres K\u00fcp\u00fc -","isPartOf":{"@id":"https:\/\/www.anacak.com\/#website"},"primaryImageOfPage":{"@id":"https:\/\/www.anacak.com\/?product=sonsuz-stres-kupu#primaryimage"},"image":{"@id":"https:\/\/www.anacak.com\/?product=sonsuz-stres-kupu#primaryimage"},"thumbnailUrl":"https:\/\/www.anacak.com\/wp-content\/uploads\/2026\/04\/01-1.jpeg","datePublished":"2026-04-07T14:49:52+00:00","dateModified":"2026-04-07T14:49:53+00:00","description":"Odaklanman\u0131z\u0131 art\u0131r\u0131n ve stresi saniyeler i\u00e7inde yok edin! AnacakLab \u00fcretimi her y\u00f6ne katlanan Sonsuz Stres K\u00fcp\u00fc ile tan\u0131\u015f\u0131n. Bu \u00f6zel tasar\u0131m\u0131 hemen ke\u015ffedin.","breadcrumb":{"@id":"https:\/\/www.anacak.com\/?product=sonsuz-stres-kupu#breadcrumb"},"inLanguage":"tr","potentialAction":[{"@type":"ReadAction","target":["https:\/\/www.anacak.com\/?product=sonsuz-stres-kupu"]}]},{"@type":"ImageObject","inLanguage":"tr","@id":"https:\/\/www.anacak.com\/?product=sonsuz-stres-kupu#primaryimage","url":"https:\/\/www.anacak.com\/wp-content\/uploads\/2026\/04\/01-1.jpeg","contentUrl":"https:\/\/www.anacak.com\/wp-content\/uploads\/2026\/04\/01-1.jpeg","width":1200,"height":1600},{"@type":"BreadcrumbList","@id":"https:\/\/www.anacak.com\/?product=sonsuz-stres-kupu#breadcrumb","itemListElement":[{"@type":"ListItem","position":1,"name":"Anasayfa","item":"https:\/\/www.anacak.com\/"},{"@type":"ListItem","position":2,"name":"Ma\u011faza","item":"https:\/\/www.anacak.com\/?page_id=39"},{"@type":"ListItem","position":3,"name":"Sonsuz Stres K\u00fcp\u00fc"}]},{"@type":"WebSite","@id":"https:\/\/www.anacak.com\/#website","url":"https:\/\/www.anacak.com\/","name":"AnacakLab","description":"","publisher":{"@id":"https:\/\/www.anacak.com\/#organization"},"potentialAction":[{"@type":"SearchAction","target":{"@type":"EntryPoint","urlTemplate":"https:\/\/www.anacak.com\/?s={search_term_string}"},"query-input":{"@type":"PropertyValueSpecification","valueRequired":true,"valueName":"search_term_string"}}],"inLanguage":"tr"},{"@type":"Organization","@id":"https:\/\/www.anacak.com\/#organization","name":"AnacakLab","url":"https:\/\/www.anacak.com\/","logo":{"@type":"ImageObject","inLanguage":"tr","@id":"https:\/\/www.anacak.com\/#\/schema\/logo\/image\/","url":"https:\/\/www.anacak.com\/wp-content\/uploads\/2026\/02\/site_logo-scaled.png","contentUrl":"https:\/\/www.anacak.com\/wp-content\/uploads\/2026\/02\/site_logo-scaled.png","width":2560,"height":838,"caption":"AnacakLab"},"image":{"@id":"https:\/\/www.anacak.com\/#\/schema\/logo\/image\/"},"sameAs":["https:\/\/instagram.com\/anacaklab\/"]}]}},"_links":{"self":[{"href":"https:\/\/www.anacak.com\/index.php?rest_route=\/wp\/v2\/product\/263","targetHints":{"allow":["GET"]}}],"collection":[{"href":"https:\/\/www.anacak.com\/index.php?rest_route=\/wp\/v2\/product"}],"about":[{"href":"https:\/\/www.anacak.com\/index.php?rest_route=\/wp\/v2\/types\/product"}],"replies":[{"embeddable":true,"href":"https:\/\/www.anacak.com\/index.php?rest_route=%2Fwp%2Fv2%2Fcomments&post=263"}],"wp:featuredmedia":[{"embeddable":true,"href":"https:\/\/www.anacak.com\/index.php?rest_route=\/wp\/v2\/media\/272"}],"wp:attachment":[{"href":"https:\/\/www.anacak.com\/index.php?rest_route=%2Fwp%2Fv2%2Fmedia&parent=263"}],"wp:term":[{"taxonomy":"product_brand","embeddable":true,"href":"https:\/\/www.anacak.com\/index.php?rest_route=%2Fwp%2Fv2%2Fproduct_brand&post=263"},{"taxonomy":"product_cat","embeddable":true,"href":"https:\/\/www.anacak.com\/index.php?rest_route=%2Fwp%2Fv2%2Fproduct_cat&post=263"},{"taxonomy":"product_tag","embeddable":true,"href":"https:\/\/www.anacak.com\/index.php?rest_route=%2Fwp%2Fv2%2Fproduct_tag&post=263"}],"curies":[{"name":"wp","href":"https:\/\/api.w.org\/{rel}","templated":true}]}}